base 13?
b0
What is 3acb (base 13) in base 8?
20400
125 (base 13) to base 10
200
What is -1233 (base 5) in base 16?
-c1
Convert -11020210 (base 3) to base 12.
-1963
Convert 53312 (base 6) to base 7.
30056
-261 (base 16) to base 10
-609
Convert -1101111111011 (base 2) to base 7.
-26612
What is -204144 (base 6) in base 11?
-11422
Convert 10010111011 (base 2) to base 4.
102323
What is 35107 (base 8) in base 16?
3a47
Convert 3711 (base 9) to base 11.
2093
Convert 10011100010 (base 2) to base 5.
20000
What is 226455 (base 7) in base 14?
10b9c
-3ce5 (base 15) to base 8
-31360
Convert cc8 (base 13) to base 14.
b28
-110122 (base 3) to base 4
-11111
What is -139 (base 11) in base 7?
-322
Convert 1893 (base 12) to base 16.
baf
24240 (base 7) to base 6
45100
19c7 (base 14) to base 15
15c3
Convert 4547 (base 16) to base 12.
a31b
-100322 (base 4) to base 9
-1432
Convert -1111011000011 (base 2) to base 16.
-1ec3
What is 2410 (base 6) in base 11?
48a
What is -4021100 (base 5) in base 2?
-1111100110011100
112010121 (base 3) to base 16
283f
What is 571 (base 8) in base 3?
111222
1235 (base 7) to base 11
395
Convert 3bcd (base 14) to base 13.
4a70
Convert -3690 (base 15) to base 9.
-16830
2078 (base 14) to base 9
7605
Convert -83 (base 14) to base 3.
-11021
-46d (base 15) to base 4
-33223
Convert 1240 (base 5) to base 13.
120
8662 (base 11) to base 8
26262
1475 (base 11) to base 5
30042
What is -af0b (base 16) in base 12?
-21b23
What is c16b (base 15) in base 11?
28745
-784 (base 9) to base 2
-1010000011
Convert -141042 (base 5) to base 8.
-13214
-4697 (base 13) to base 2
-10011011000110
Convert 82 (base 10) to base 2.
1010010
Convert 1646 (base 8) to base 9.
1247
What is -13014 (base 5) in base 15?
-474
-1155 (base 6) to base 12
-1bb
Convert 190 (base 10) to base 16.
be
Convert 1425 (base 7) to base 12.
3a6
12d (base 15) to base 3
100221
Convert -40441 (base 7) to base 3.
-111111001
Convert -883a (base 11) to base 4.
-2312023
What is -604a (base 11) in base 5?
-224130
What is 3b3 (base 14) in base 15?
34a
What is 2043221 (base 5) in base 10?
34186
Convert -4260 (base 8) to base 9.
-3041
-10024 (base 5) to base 2
-1001111111
Convert -106b0 (base 12) to base 7.
-120234
What is -1269 (base 10) in base 11?
-a54
What is 1771 (base 8) in base 7?
2652
-31010 (base 11) to base 12
-22241
-134 (base 9) to base 3
-11011
What is 3435 (base 6) in base 3?
1010012
What is -5748 (base 9) in base 2?
-1000010100000
What is 230 (base 13) in base 14?
1cd
Convert 400300 (base 5) to base 9.
18222
Convert -555 (base 15) to base 12.
-845
Convert -2d7 (base 14) to base 8.
-1105
Convert -1101010001011 (base 2) to base 3.
-100022200
-10031314 (base 5) to base 12
-3a501
What is -4231 (base 8) in base 10?
-2201
Convert -11000 (base 5) to base 14.
-3b8
136 (base 10) to base 3
12001
502 (base 10) to base 5
4002
What is -100101001110 (base 2) in base 3?
-10021020
-142c3 (base 14) to base 8
-141443
-6c (base 14) to base 2
-1100000
What is 1100200 (base 3) in base 5?
12430
Convert -10001011 (base 3) to base 10.
-2218
What is aa7 (base 11) in base 7?
3604
What is -233403 (base 6) in base 13?
-9297
What is 1120012 (base 3) in base 16?
473
Convert -186c6 (base 14) to base 11.
-42408
What is 517 (base 9) in base 12?
2b1
What is 20100100 (base 4) in base 11?
23445
What is 3a1 (base 16) in base 3?
1021102
2193 (base 12) to base 5
104321
Convert -1222200012 (base 3) to base 4.
-21203120
1101110010101100 (base 2) to base 7
323462
What is -41201 (base 6) in base 16?
-1561
2145 (base 9) to base 4
120230
-627 (base 8) to base 2
-110010111
Convert 3c2 (base 15) to base 4.
31121
-12351 (base 6) to base 14
-975
What is -12122022 (base 3) in base 10?
-4112
What is -21121 (base 3) in base 10?
-205
What is 292 (base 12) in base 5?
3043
Convert 23784 (base 9) to base 6.
201504
432403 (base 5) to base 3
202012111
Convert -a1d (base 16) to base 15.
-b79
-1032330 (base 5) to base 10
-17840
Convert -1201102 (base 5) to base 2.
-101011000001011
What is 284 (base 11) in base 15?
174
Convert -2033 (base 11) to base 9.
-3627
-435 (base 16) to base 7
-3066
What is 1757 (base 9) in base 3?
1211221
Convert -559 (base 16) to base 3.
-1212201
Convert 259 (base 14) to base 13.
2a3
22764 (base 9) to base 5
441310
What is -9977 (base 10) in base 3?
-111200112
What is 411410 (base 5) in base 4?
3100223
-33b9 (base 16) to base 13
-6047
-3323 (base 16) to base 15
-3d2b
Convert 11012331 (base 4) to base 14.
78a9
Convert 5c (base 16) to base 6.
232
What is -7c08 (base 13) in base 6?
-212343
-379 (base 16) to base 10
-889
What is 31663 (base 11) in base 13?
17c63
-201 (base 16) to base 15
-243
What is 9c3 (base 15) in base 5?
32313
Convert 35b (base 12) to base 10.
503
2836 (base 15) to base 4
2012121
Convert -1a85 (base 12) to base 2.
-110011000101
What is 64b (base 13) in base 9?
1426
Convert 10343 (base 5) to base 13.
438
Convert -1100001 (base 2) to base 13.
-76
Convert -3432 (base 7) to base 2.
-10011100000
Convert 13121333 (base 4) to base 12.
1567b
What is a0f1 (base 16) in base 2?
1010000011110001
What is 11310 (base 8) in base 5?
123213
What is 225 (base 16) in base 9?
670
What is -2866 (base 12) in base 3?
-20102120
What is -10110001011010 (base 2) in base 12?
-66a2
20232 (base 4) to base 7
1425
Convert 1001010 (base 5) to base 4.
3312023
-263 (base 10) to base 14
-14b
-6410 (base 11) to base 7
-33504
Convert -17e (base 15) to base 9.
-422
Convert a1da (base 16) to base 10.
41434
What is -811 (base 16) in base 4?
-200101
What is 1032113 (base 4) in base 3?
20212202
Convert 155 (base 13) to base 8.
357
What is -1baa (base 15) in base 13?
-2974
What is -11332 (base 4) in base 13?
-235
3303 (base 9) to base 4
212001
15a8 (base 13) to base 9
4323
244 (base 5) to base 16
4a
Convert -427 (base 9) to base 8.
-535
-32532 (base 10) to base 2
-111111100010100
What is -34532 (base 8) in base 10?
-14682
What is -10003 (base 10) in base 3?
-111201111
What is -625 (base 7) in base 11?
-265
-310 (base 16) to base 12
-554
What is 10420 (base 5) in base 2?
1011011111
What is 154 (base 9) in base 14?
94
What is -24304 (base 9) in base 12?
-9511
Convert -2196 (base 14) to base 9.
-7872
What is -5872 (base 11) in base 15?
-2437
-65 (base 14) to base 4
-1121
-823 (base 9) to base 14
-35b
Convert -221011 (base 4) to base 7.
-10444
What is -11501 (base 6) in base 8?
-3235
What is -153 (base 7) in base 8?
-127
What is -1436 (base 7) in base 13?
-347
What is 213 (base 15) in base 2?
111010100
What is e21 (base 15) in base 6?
22421
Convert -21011312 (base 4) to base 16.
-9176
Convert 1001101010 (base 2) to base 4.
21222
-21738 (base 9) to base 15
-4438
What is -1922 (base 11) in base 12?
-14b8
476 (base 8) to base 15
163
-4e4 (base 15) to base 11
-923
61130 (base 9) to base 11
28229
1150 (base 6) to base 2
100011010
33397 (base 11) to base 14
138c1
111001000110010 (base 2) to base 14
a922
What is -254 (base 14) in base 11?
-394
Convert -121041 (base 5) to base 13.
-209a
What is -211 (base 6) in base 10?
-79
Convert -788 (base 10) to base 11.
-657
What is -26354 (base 8) in base 14?
-4296
What is 8738 (base 9) in base 4?
1210202
Convert 747 (base 9) to base 13.
37c
Convert -3097 (base 13) to base 2.
-1101000111011
Convert -2112022 (base 3) to base 4.
-130310
d33 (base 16) to base 4
310303
What is 12c (base 16) in base 2?
100101100
Convert -12211220 (base 3) to base 15.
-13e3
-bcd (base 14) to base 8
-4441
3320 (base 6) to base 5
11033
What is -17d3 (base 15) in base 9?
-7050
What is acb (base 16) in base 15?
c43
What is 10543 (base 7) in base 9?
3604
Convert -1120 (base 9) to base 14.
-432
What is -10000001100 (base 2) in base 15?
-491
What is 14017 (base 9) in base 5?
300433
What is -40041 (base 5) in base 9?
-3411
What is -24931 (base 10) in base 9?
-37171
14126 (base 7) to base 6
25442
Convert -162c (base 13) to base 8.
-6261
What is 2a4 (base 14) in base 2?
1000011000
What is 880 (base 11) in base 5?
13211
-1330 (base 14) to base 12
-1b52
Convert -862 (base 14) to base 11.
-1274
What is 32682 (base 9) in base 16?
54c5
What is -19353 (base 10) in base 4?
-10232121
154 (base 15) to base 6
1224
What is -100221122 (base 3) in base 13?
-33bc
What is -127a (base 11) in base 15?
-75a
111476 (base 8) to base 6
450302
Convert 38a4 (base 12) to base 